{"id":44,"date":"2025-12-14T15:17:09","date_gmt":"2025-12-14T15:17:09","guid":{"rendered":"http:\/\/evasioy.cluster100.hosting.ovh.net\/?page_id=44"},"modified":"2025-12-14T15:30:22","modified_gmt":"2025-12-14T15:30:22","slug":"mes-e-books-de-voyage","status":"publish","type":"page","link":"https:\/\/evasionsbyelo.be\/index.php\/services\/mes-e-books-de-voyage\/","title":{"rendered":"Mes e-books de voyage"},"content":{"rendered":"\n<p>Des exp\u00e9riences v\u00e9cues, partag\u00e9es avec passion.<\/p>\n\n\n\n<p>Je cr\u00e9e des e-books de voyage inspir\u00e9s de mes propres escapades.<\/p>\n\n\n\n<p>Chaque guide est issu d\u2019un itin\u00e9raire que j\u2019ai r\u00e9ellement parcouru, test\u00e9 et approuv\u00e9.<\/p>\n\n\n\n<p>Des itin\u00e9raires cl\u00e9s en main, des adresses coups de c\u0153ur, des conseils pratiques et mes meilleures d\u00e9couvertes \u2014 pour vous aider \u00e0 voyager simplement, sereinement et sans stress.<\/p>\n\n\n\n<p>Ces e-books sont pens\u00e9s pour inspirer, guider et simplifier vos futures \u00e9vasions.<\/p>\n","protected":false},"excerpt":{"rendered":"<p>Des exp\u00e9riences v\u00e9cues, partag\u00e9es avec passion. Je cr\u00e9e des e-books de voyage inspir\u00e9s de mes propres escapades. Chaque guide est issu d\u2019un itin\u00e9raire que j\u2019ai r\u00e9ellement parcouru, test\u00e9 et approuv\u00e9. Des itin\u00e9raires cl\u00e9s en main, des adresses coups de c\u0153ur, des conseils pratiques et mes meilleures d\u00e9couvertes \u2014 pour vous aider \u00e0 voyager simplement, sereinement &hellip; <\/p>\n<p class=\"link-more\"><a href=\"https:\/\/evasionsbyelo.be\/index.php\/services\/mes-e-books-de-voyage\/\" class=\"more-link\">Lire la suite de<span class=\"screen-reader-text\">\u00ab\u00a0Mes e-books de voyage\u00a0\u00bb<\/span><\/a><\/p>\n","protected":false},"author":1,"featured_media":0,"parent":13,"menu_order":0,"comment_status":"closed","ping_status":"closed","template":"","meta":{"_themeisle_gutenberg_block_has_review":false,"footnotes":""},"class_list":["post-44","page","type-page","status-publish","hentry"],"yoast_head":"<!-- This site is optimized with the Yoast SEO plugin v26.5 - https:\/\/yoast.com\/wordpress\/plugins\/seo\/ -->\n<title>Mes e-books de voyage - Evasions by Elo<\/title>\n<meta name=\"robots\" content=\"index, follow, max-snippet:-1, max-image-preview:large, max-video-preview:-1\" \/>\n<link rel=\"canonical\" href=\"https:\/\/evasionsbyelo.be\/index.php\/services\/mes-e-books-de-voyage\/\" \/>\n<meta property=\"og:locale\" content=\"fr_FR\" \/>\n<meta property=\"og:type\" content=\"article\" \/>\n<meta property=\"og:title\" content=\"Mes e-books de voyage - Evasions by Elo\" \/>\n<meta property=\"og:description\" content=\"Des exp\u00e9riences v\u00e9cues, partag\u00e9es avec passion. Je cr\u00e9e des e-books de voyage inspir\u00e9s de mes propres escapades. Chaque guide est issu d\u2019un itin\u00e9raire que j\u2019ai r\u00e9ellement parcouru, test\u00e9 et approuv\u00e9. Des itin\u00e9raires cl\u00e9s en main, des adresses coups de c\u0153ur, des conseils pratiques et mes meilleures d\u00e9couvertes \u2014 pour vous aider \u00e0 voyager simplement, sereinement &hellip; Lire la suite de\u00ab\u00a0Mes e-books de voyage\u00a0\u00bb\" \/>\n<meta property=\"og:url\" content=\"https:\/\/evasionsbyelo.be\/index.php\/services\/mes-e-books-de-voyage\/\" \/>\n<meta property=\"og:site_name\" content=\"Evasions by Elo\" \/>\n<meta property=\"article:modified_time\" content=\"2025-12-14T15:30:22+00:00\" \/>\n<meta name=\"twitter:card\" content=\"summary_large_image\" \/>\n<meta name=\"twitter:label1\" content=\"Dur\u00e9e de lecture estim\u00e9e\" \/>\n\t<meta name=\"twitter:data1\" content=\"1 minute\" \/>\n<script type=\"application\/ld+json\" class=\"yoast-schema-graph\">{\"@context\":\"https:\/\/schema.org\",\"@graph\":[{\"@type\":\"WebPage\",\"@id\":\"https:\/\/evasionsbyelo.be\/index.php\/services\/mes-e-books-de-voyage\/\",\"url\":\"https:\/\/evasionsbyelo.be\/index.php\/services\/mes-e-books-de-voyage\/\",\"name\":\"Mes e-books de voyage - Evasions by Elo\",\"isPartOf\":{\"@id\":\"https:\/\/evasionsbyelo.be\/#website\"},\"datePublished\":\"2025-12-14T15:17:09+00:00\",\"dateModified\":\"2025-12-14T15:30:22+00:00\",\"breadcrumb\":{\"@id\":\"https:\/\/evasionsbyelo.be\/index.php\/services\/mes-e-books-de-voyage\/#breadcrumb\"},\"inLanguage\":\"fr-FR\",\"potentialAction\":[{\"@type\":\"ReadAction\",\"target\":[\"https:\/\/evasionsbyelo.be\/index.php\/services\/mes-e-books-de-voyage\/\"]}]},{\"@type\":\"BreadcrumbList\",\"@id\":\"https:\/\/evasionsbyelo.be\/index.php\/services\/mes-e-books-de-voyage\/#breadcrumb\",\"itemListElement\":[{\"@type\":\"ListItem\",\"position\":1,\"name\":\"Accueil\",\"item\":\"https:\/\/evasionsbyelo.be\/\"},{\"@type\":\"ListItem\",\"position\":2,\"name\":\"Services\",\"item\":\"https:\/\/evasionsbyelo.be\/index.php\/services\/\"},{\"@type\":\"ListItem\",\"position\":3,\"name\":\"Mes e-books de voyage\"}]},{\"@type\":\"WebSite\",\"@id\":\"https:\/\/evasionsbyelo.be\/#website\",\"url\":\"https:\/\/evasionsbyelo.be\/\",\"name\":\"Evasions by Elo\",\"description\":\"\",\"publisher\":{\"@id\":\"https:\/\/evasionsbyelo.be\/#organization\"},\"potentialAction\":[{\"@type\":\"SearchAction\",\"target\":{\"@type\":\"EntryPoint\",\"urlTemplate\":\"https:\/\/evasionsbyelo.be\/?s={search_term_string}\"},\"query-input\":{\"@type\":\"PropertyValueSpecification\",\"valueRequired\":true,\"valueName\":\"search_term_string\"}}],\"inLanguage\":\"fr-FR\"},{\"@type\":\"Organization\",\"@id\":\"https:\/\/evasionsbyelo.be\/#organization\",\"name\":\"Evasions by Elo\",\"url\":\"https:\/\/evasionsbyelo.be\/\",\"logo\":{\"@type\":\"ImageObject\",\"inLanguage\":\"fr-FR\",\"@id\":\"https:\/\/evasionsbyelo.be\/#\/schema\/logo\/image\/\",\"url\":\"https:\/\/evasionsbyelo.be\/wp-content\/uploads\/2026\/02\/cropped-Blanc_Cote.png\",\"contentUrl\":\"https:\/\/evasionsbyelo.be\/wp-content\/uploads\/2026\/02\/cropped-Blanc_Cote.png\",\"width\":1317,\"height\":541,\"caption\":\"Evasions by Elo\"},\"image\":{\"@id\":\"https:\/\/evasionsbyelo.be\/#\/schema\/logo\/image\/\"}}]}<\/script>\n<!-- \/ Yoast SEO plugin. -->","yoast_head_json":{"title":"Mes e-books de voyage - Evasions by Elo","robots":{"index":"index","follow":"follow","max-snippet":"max-snippet:-1","max-image-preview":"max-image-preview:large","max-video-preview":"max-video-preview:-1"},"canonical":"https:\/\/evasionsbyelo.be\/index.php\/services\/mes-e-books-de-voyage\/","og_locale":"fr_FR","og_type":"article","og_title":"Mes e-books de voyage - Evasions by Elo","og_description":"Des exp\u00e9riences v\u00e9cues, partag\u00e9es avec passion. Je cr\u00e9e des e-books de voyage inspir\u00e9s de mes propres escapades. Chaque guide est issu d\u2019un itin\u00e9raire que j\u2019ai r\u00e9ellement parcouru, test\u00e9 et approuv\u00e9. Des itin\u00e9raires cl\u00e9s en main, des adresses coups de c\u0153ur, des conseils pratiques et mes meilleures d\u00e9couvertes \u2014 pour vous aider \u00e0 voyager simplement, sereinement &hellip; Lire la suite de\u00ab\u00a0Mes e-books de voyage\u00a0\u00bb","og_url":"https:\/\/evasionsbyelo.be\/index.php\/services\/mes-e-books-de-voyage\/","og_site_name":"Evasions by Elo","article_modified_time":"2025-12-14T15:30:22+00:00","twitter_card":"summary_large_image","twitter_misc":{"Dur\u00e9e de lecture estim\u00e9e":"1 minute"},"schema":{"@context":"https:\/\/schema.org","@graph":[{"@type":"WebPage","@id":"https:\/\/evasionsbyelo.be\/index.php\/services\/mes-e-books-de-voyage\/","url":"https:\/\/evasionsbyelo.be\/index.php\/services\/mes-e-books-de-voyage\/","name":"Mes e-books de voyage - Evasions by Elo","isPartOf":{"@id":"https:\/\/evasionsbyelo.be\/#website"},"datePublished":"2025-12-14T15:17:09+00:00","dateModified":"2025-12-14T15:30:22+00:00","breadcrumb":{"@id":"https:\/\/evasionsbyelo.be\/index.php\/services\/mes-e-books-de-voyage\/#breadcrumb"},"inLanguage":"fr-FR","potentialAction":[{"@type":"ReadAction","target":["https:\/\/evasionsbyelo.be\/index.php\/services\/mes-e-books-de-voyage\/"]}]},{"@type":"BreadcrumbList","@id":"https:\/\/evasionsbyelo.be\/index.php\/services\/mes-e-books-de-voyage\/#breadcrumb","itemListElement":[{"@type":"ListItem","position":1,"name":"Accueil","item":"https:\/\/evasionsbyelo.be\/"},{"@type":"ListItem","position":2,"name":"Services","item":"https:\/\/evasionsbyelo.be\/index.php\/services\/"},{"@type":"ListItem","position":3,"name":"Mes e-books de voyage"}]},{"@type":"WebSite","@id":"https:\/\/evasionsbyelo.be\/#website","url":"https:\/\/evasionsbyelo.be\/","name":"Evasions by Elo","description":"","publisher":{"@id":"https:\/\/evasionsbyelo.be\/#organization"},"potentialAction":[{"@type":"SearchAction","target":{"@type":"EntryPoint","urlTemplate":"https:\/\/evasionsbyelo.be\/?s={search_term_string}"},"query-input":{"@type":"PropertyValueSpecification","valueRequired":true,"valueName":"search_term_string"}}],"inLanguage":"fr-FR"},{"@type":"Organization","@id":"https:\/\/evasionsbyelo.be\/#organization","name":"Evasions by Elo","url":"https:\/\/evasionsbyelo.be\/","logo":{"@type":"ImageObject","inLanguage":"fr-FR","@id":"https:\/\/evasionsbyelo.be\/#\/schema\/logo\/image\/","url":"https:\/\/evasionsbyelo.be\/wp-content\/uploads\/2026\/02\/cropped-Blanc_Cote.png","contentUrl":"https:\/\/evasionsbyelo.be\/wp-content\/uploads\/2026\/02\/cropped-Blanc_Cote.png","width":1317,"height":541,"caption":"Evasions by Elo"},"image":{"@id":"https:\/\/evasionsbyelo.be\/#\/schema\/logo\/image\/"}}]}},"_links":{"self":[{"href":"https:\/\/evasionsbyelo.be\/index.php\/wp-json\/wp\/v2\/pages\/44","targetHints":{"allow":["GET"]}}],"collection":[{"href":"https:\/\/evasionsbyelo.be\/index.php\/wp-json\/wp\/v2\/pages"}],"about":[{"href":"https:\/\/evasionsbyelo.be\/index.php\/wp-json\/wp\/v2\/types\/page"}],"author":[{"embeddable":true,"href":"https:\/\/evasionsbyelo.be\/index.php\/wp-json\/wp\/v2\/users\/1"}],"replies":[{"embeddable":true,"href":"https:\/\/evasionsbyelo.be\/index.php\/wp-json\/wp\/v2\/comments?post=44"}],"version-history":[{"count":1,"href":"https:\/\/evasionsbyelo.be\/index.php\/wp-json\/wp\/v2\/pages\/44\/revisions"}],"predecessor-version":[{"id":45,"href":"https:\/\/evasionsbyelo.be\/index.php\/wp-json\/wp\/v2\/pages\/44\/revisions\/45"}],"up":[{"embeddable":true,"href":"https:\/\/evasionsbyelo.be\/index.php\/wp-json\/wp\/v2\/pages\/13"}],"wp:attachment":[{"href":"https:\/\/evasionsbyelo.be\/index.php\/wp-json\/wp\/v2\/media?parent=44"}],"curies":[{"name":"wp","href":"https:\/\/api.w.org\/{rel}","templated":true}]}}